of 3838?
8
What is the units digit of 45458?
8
What is the units digit of 1266?
6
What is the thousands digit of 3500?
3
What is the hundreds digit of 1229?
2
What is the tens digit of 698?
9
What is the tens digit of 2605?
0
What is the tens digit of 206?
0
What is the thousands digit of 92851?
2
What is the hundreds digit of 955?
9
What is the hundreds digit of 2536?
5
What is the thousands digit of 106295?
6
What is the units digit of 20011?
1
What is the hundreds digit of 5540?
5
What is the tens digit of 13836?
3
What is the ten thousands digit of 19091?
1
What is the units digit of 4626?
6
What is the thousands digit of 2959?
2
What is the hundreds digit of 14726?
7
What is the units digit of 1220?
0
What is the thousands digit of 98333?
8
What is the thousands digit of 1163?
1
What is the tens digit of 19084?
8
What is the tens digit of 2885?
8
What is the ten thousands digit of 27235?
2
What is the units digit of 4090?
0
What is the units digit of 9382?
2
What is the ten thousands digit of 25463?
2
What is the ten thousands digit of 21968?
2
What is the tens digit of 19618?
1
What is the thousands digit of 33104?
3
What is the hundreds digit of 117123?
1
What is the hundreds digit of 10747?
7
What is the units digit of 2114?
4
What is the units digit of 1497?
7
What is the thousands digit of 96563?
6
What is the hundreds digit of 42482?
4
What is the thousands digit of 5143?
5
What is the thousands digit of 3545?
3
What is the hundreds digit of 845?
8
What is the hundreds digit of 43259?
2
What is the tens digit of 81078?
7
What is the hundreds digit of 474?
4
What is the tens digit of 3142?
4
What is the hundreds digit of 11235?
2
What is the thousands digit of 1093?
1
What is the tens digit of 3268?
6
What is the units digit of 4596?
6
What is the hundreds digit of 770?
7
What is the hundreds digit of 30503?
5
What is the units digit of 16682?
2
What is the thousands digit of 24682?
4
What is the tens digit of 56704?
0
What is the units digit of 76976?
6
What is the ten thousands digit of 12644?
1
What is the tens digit of 45480?
8
What is the tens digit of 19666?
6
What is the units digit of 15810?
0
What is the ten thousands digit of 16567?
1
What is the ten thousands digit of 65586?
6
What is the hundreds digit of 11265?
2
What is the units digit of 557?
7
What is the tens digit of 17104?
0
What is the tens digit of 388?
8
What is the hundreds digit of 9932?
9
What is the tens digit of 43384?
8
What is the units digit of 8725?
5
What is the tens digit of 52870?
7
What is the thousands digit of 77132?
7
What is the hundreds digit of 765?
7
What is the thousands digit of 49651?
9
What is the tens digit of 307?
0
What is the hundreds digit of 5029?
0
What is the tens digit of 1962?
6
What is the tens digit of 5152?
5
What is the hundreds digit of 47942?
9
What is the tens digit of 3064?
6
What is the units digit of 1229?
9
What is the hundreds digit of 18902?
9
What is the tens digit of 708?
0
What is the hundreds digit of 793?
7
What is the tens digit of 100?
0
What is the ten thousands digit of 28973?
2
What is the tens digit of 5394?
9
What is the hundreds digit of 38891?
8
What is the units digit of 52728?
8
What is the tens digit of 16152?
5
What is the units digit of 25130?
0
What is the units digit of 167?
7
What is the hundreds digit of 2468?
4
What is the units digit of 21811?
1
What is the thousands digit of 38968?
8
What is the hundreds digit of 4139?
1
What is the ten thousands digit of 16106?
1
What is the hundreds digit of 1604?
6
What is the units digit of 8527?
7
What is the thousands digit of 92161?
2
What is the tens digit of 10236?
3
What is the ten thousands digit of 15424?
1
What is the hundreds digit of 107510?
5
What is the tens digit of 2985?
8
What is the ten thousands digit of 27239?
2
What is the tens digit of 1715?
1
What is the ten thousands digit of 61453?
6
What is the thousands digit of 33805?
3
What is the hundreds digit of 5422?
4
What is the tens digit of 67517?
1
What is the tens digit of 97405?
0
What is the units digit of 2435?
5
What is the hundreds digit of 4607?
6
What is the thousands digit of 2597?
2
What is the tens digit of 6002?
0
What is the units digit of 75769?
9
What is the units digit of 1588?
8
What is the hundreds digit of 275?
2
What is the units digit of 31275?
5
What is the hundreds digit of 6346?
3
What is the thousands digit of 19014?
9
What is the tens digit of 13139?
3
What is the thousands digit of 29443?
9
What is the hundreds digit of 276?
2
What is the units digit of 2846?
6
What is the tens digit of 10848?
4
What is the ten thousands digit of 20977?
2
What is the units digit of 103510?
0
What is the hundreds digit of 97387?
3
What is the units digit of 1970?
0
What is the units digit of 1321?
1
What is the hundreds digit of 8986?
9
What is the units digit of 393?
3
What is the tens digit of 76130?
3
What is the tens digit of 9205?
0
What is the tens digit of 22054?
5
What is the thousands digit of 10048?
0
What is the ten thousands digit of 21722?
2
What is the units digit of 326?
6
What is the hundreds digit of 5487?
4
What is the units digit of 19386?
6
What is the hundreds digit of 1533?
5
What is the tens digit of 2790?
9
What is the units digit of 134817?
7
What is the thousands digit of 6032?
6
What is the units digit of 786?
6
What is the units digit of 1973?
3
What is the units digit of 825?
5
What is the hundreds digit of 960?
9
What is the hundreds digit of 2199?
1
What is the hundreds digit of 35567?
5
What is the tens digit of 71?
7
What is the units digit of 13?
3
What is the units digit of 86672?
2
What is the units digit of 1468?
8
What is the hundreds digit of 1077?
0
What is the hundreds digit of 1027?
0
What is the hundreds digit of 164668?
6
What is the ten thousands digit of 11391?
1
What is the hundreds digit of 16635?
6
What is the thousands digit of 7565?
7
What is the tens digit of 2548?
4
What is the units digit of 13949?
9
What is the thousands digit of 6104?
6
What is the units digit of 2282?
2
What is the hundreds digit of 3301?
3
What is the tens digit of 787?
8
What is the thousands digit of 1047?
1
What is the units digit of 4391?
1
What is the units digit of 4211?
1
What is the thousands digit of 11861?
1
What is the thousands digit of 1531?
1
What is the units digit of 16894?
4
What is the hundreds digit of 2755?
7
What is the thousands digit of 7984?
7
What is the hundreds digit of 681?
6
What is the units digit of 1248?
8
What is the units digit of 446?
6
What is the units digit of 1442?
2
What is the thousands digit of 2119?
2
What is the thousands digit of 12107?
2
What is the hundreds digit of 1678?
6
What is the tens digit of 27257?
5
What is the units digit of 42288?
8
What is the hundreds digit of 7336?
3
What is the units digit of 455?
5
What is the thousands digit of 34193?
4
What is the thousands digit of 128709?
8
What is the thousands digit of 57588?
7
What is the units digit of 6036?
6
What is the hundreds digit of 21059?
0
What is the hundreds digit of 47511?
5
What is the hundreds digit of 3315?
3
What is the tens digit of 2178?
7
What is the hundreds digit of 1355?
3
What is the thousands digit of 2027?
2
What is the hundreds digit of 4669?
6
What is the units digit of 38064?
4
What is the units digit of 2225?
5
What is the units digit of 76156?
6
What is the tens digit of 2387?
8
What is the tens digit of 31945?
4
What is the units digit of 46910?
0
What is the units digit of 9998?
8
What is the ten thousands digit of 18821?
1
What is the tens digit of 30422?
2
What is the units digit of 16776?
6
What is the ten thousands digit of 74237?
7
What is the units digit of 4336?
6
What is the hundreds digit of 5766?
7
What is the units digit of 1437?
7
What is the hundreds digit of 599?
5
What is the ten thousands digit of 43459?
4
What is the units digit of 738?
8
What is the tens digit of 45579?
7
What is the hundreds digit of 603?
6
What is the units digit of 9596?
6
What is the hundreds digit of 4677?
6
What is the tens digit of 5216?
1
What is the tens digit of 31695?
9
What is the thousands digit of 1937?
1
What is the hundreds digit of 2533?
5
What is the hundreds digit of 16138?
1
What is the thousands digit of 74